p be (-1)/(1/1010)*(-160)/400. Let q be (p/(-5))/(20/(-150)*3). What is the greatest common factor of q and 2?
2
Let w = -216 + 220. Suppose d - 24 = -2*k, -w*d - 21 = -k - 0*k. What is the greatest common divisor of 26 and k?
13
Let z(a) = 30*a + 10 - 54*a + 28*a - 9*a**3 - 2*a**2. Let n be z(-2). What is the greatest common factor of n and 6?
6
Let k(q) = -2*q**2 - 66*q - 134. Let h be k(-28). What is the highest common factor of 2 and h?
2
Suppose 2*h + 0 = -4*f + 4, -2*h = f - 1. Let p be (-3)/((h - -1)/(-1)). Suppose -4*t = -8, -t + 15 = p*u - 17. Calculate the highest common factor of u and 10.
10
Let j(d) = 3*d**3 + 25*d**2 - 11*d + 52. Let f be j(-8). What is the highest common divisor of f and 153?
51
Let h(k) = 8*k**2 + k - 2. Let b be h(1). Let q(s) = -1038*s + 12589. Let g be q(12). What is the greatest common factor of g and b?
7
Let f be (-2748)/(-5) + ((-17)/85)/((-1)/2). What is the greatest common divisor of 286 and f?
22
Let b be (-114)/95*-5*8/(-6). Let h = b + -8. Let d = 17 + h. What is the highest common factor of d and 9?
1
Suppose -428*a = -427*a + 9. Let u be 8/(-14)*a/(234/637). Calculate the greatest common factor of u and 42.
14
Suppose 0 = -10*q - 586 + 4036. Suppose 0 = -n - z + 16, 3*n - 2*z + 77 = 8*n. Calculate the greatest common divisor of q and n.
15
Suppose -2*a - 1264 = -3*f, 11*f - 16*f - a = -2124. What is the greatest common factor of 8 and f?
8
Let t be -257 + -2 + 5 + 20/(-4). Let c = t + 172. Let f = c - -107. Calculate the greatest common divisor of f and 100.
20
Let c = -3306 + 3358. Calculate the highest common factor of c and 637.
13
Let a = 30470 - 30454. Calculate the greatest common divisor of 13168 and a.
16
Let a be 2/5 - (-28)/(-20). Let z be a + 1 - (4 + -17). Let x be (-10)/35 + (-2 - 1156/(-28)). What is the highest common divisor of x and z?
13
Suppose -3*o = 2*x - 44, 4 = -5*x + 9. Let y be 2/7*49/o. Calculate the greatest common factor of y and 37.
1
Let t = -16837 + 17393. Calculate the highest common factor of t and 16.
4
Suppose 10*h - 160 + 10 = 0. Let f(z) = z - 14. Let u be f(h). Let o be 4/(u/2 - 0). Calculate the greatest common factor of 20 and o.
4
Suppose -4*a = -544 - 64 - 96. Calculate the highest common divisor of a and 1078.
22
Let d = 32 - 34. Let r(m) = 40*m**2 + 16*m + 33. Let l be r(d). What is the greatest common divisor of l and 23?
23
Let g = 654 - 458. Suppose 3*q + 2*s - 68 = g, 84 = q + 2*s. Suppose 6 = -2*f - 0*f, 3*f - 31 = -4*t. What is the highest common factor of t and q?
10
Suppose 47*q + 5317 = 72574. Calculate the highest common factor of q and 27.
27
Suppose -r = -2*r + 5*y + 479, -3*r + 1537 = 5*y. Suppose -j - 5*j = -r. Calculate the highest common factor of j and 140.
28
Let k = -22 + 49. Let j = -26 + k. Let b(g) = 39*g - 3. Let z be b(j). Calculate the highest common factor of z and 9.
9
Suppose 4110 = 314*o - 308*o. Let x = o + -552. What is the greatest common factor of x and 35?
7
Let c = -3261 - -3906. What is the highest common divisor of c and 75?
15
Suppose -11*r - 6 = -50. Let d be (-189)/(-6) - (-2)/r. Let h be (d*(-1)/(-5))/((-6)/(-60)). What is the greatest common factor of h and 16?
16
Let k(r) = -19*r - 148. Let a be k(-8). Suppose 5*f - 204 + a = -5*p, 2*f = 6*p + 96. Suppose 2*w - 315 = -3*w. Calculate the highest common divisor of w and f.
21
Let d(h) = -437*h - 21. Let o be d(-1). Suppose l + 389 = 5*i, 4*i - o + 100 = -4*l. Calculate the highest common factor of 702 and i.
78
Let j be 22 + -17 - -5*588. What is the highest common factor of 95 and j?
95
Suppose 17*w = 16*w + 4*s + 105, -2 = 2*s. Calculate the highest common divisor of w and 505.
101
Let d = 25614 - 25592. Suppose -6*i = -i - 550. What is the greatest common divisor of i and d?
22
Let x(l) = l**2 + 5*l + 3. Let h be x(-2). Let y be ((-216)/15)/(h/20). Let u = 83 - 59. What is the greatest common factor of y and u?
24
Let r = 13989 - 13746. What is the highest common factor of r and 225?
9
Let a = -279 - -281. Let p be (10 + 2)/a - -30. Calculate the greatest common divisor of 360 and p.
36
Suppose -6*y + 10*y = -2*w + 12912, -5*w = 5*y - 32300. Calculate the greatest common factor of 101 and w.
101
Let m be 225/(-20) + 7 - 6/8. Let q be (-138)/4*((-10)/(-3))/m. Suppose -87 = -4*i - q. What is the greatest common factor of i and 16?
16
Suppose 73 - 1093 = 4*y - 3*x, -3*x = 2*y + 492. Let a = -137 - y. What is the greatest common divisor of a and 5?
5
Let v(b) = 50 + 10 - 4*b - 4 - 12*b + 4*b. Let t be v(4). Calculate the greatest common divisor of t and 72.
8
Let l(a) = -a**2 + 10*a - 13. Let o be l(10). Let u = o - -65. Let w = -186 - -264. Calculate the greatest common factor of u and w.
26
Let g(u) = 3*u**2 + 122*u - 486. Let z be g(-47). Calculate the greatest common factor of z and 518.
37
Suppose 3*b + x - 24 = -b, -25 = -b - 5*x. Suppose -3*p = p - 5*s - 54, -58 = -3*p - b*s. Calculate the greatest common divisor of 80 and p.
16
Let f(v) = -2*v**3 + 5*v**2 - 3*v + 3. Let z be f(-5). Suppose 0*x - 2*s + 390 = 2*x, -2*x - 3*s + z = 0. Calculate the highest common factor of 72 and x.
24
Suppose -2532*c = -2531*c - 99. Let i = 35 + -24. Calculate the highest common divisor of c and i.
11
Let u(s) = -s + 52. Let b be u(25). Let n be b + -1 + (4 - 5). Suppose 185 = w + 3*p, 3*w - 605 = -0*w + p. Calculate the highest common divisor of w and n.
25
Let u = 48183 + -23998. Calculate the highest common divisor of 35 and u.
35
Let s = -4 - -41. Let z(a) = a**3 + 3*a**2 + a - 2. Let t be z(-2). Suppose -c + 70 + 4 = t. What is the highest common factor of c and s?
37
Suppose -8*z + 64*z + 2268 - 11508 = 0. What is the highest common divisor of z and 1210?
55
Let j be ((-2)/2)/(1/(-14)). Let s = 670 - 127. Let a = s + -522. What is the greatest common divisor of a and j?
7
Let t = -216 - -114. Suppose 4*v - 1222 = 5*g, -4*g - v = -3*v + 974. Let q = t - g. Calculate the highest common divisor of 56 and q.
28
Suppose 6*v = v + 400. Let s(w) = w**2 + 5*w - 6. Let a be s(1). Suppose 2*p + t = 36, -3*p + 0*p + t + 44 = a. What is the highest common factor of p and v?
16
Let a(n) = -n**3 + 9*n**2 + 1. Let v be a(9). Let t be 4688/112 - v/(-7). Suppose 0 = 2*p - t + 38. What is the greatest common factor of p and 4?
2
Suppose -5*o - 123720 = -3*a, -5*a + 4*o + 206178 = 3*o. Calculate the highest common divisor of a and 15.
15
Let i be (1356/(-16))/(8 - 1554/192) - 2. What is the highest common factor of 22 and i?
22
Suppose -89 = -3*a - 5*x, -2*x - 2*x - 136 = -5*a. Suppose 74*i - 6995 - 26157 = 0. What is the highest common factor of a and i?
28
Let j be 2 - (-3 + 2 - 27). Suppose -17 = -z + 5*t, 7*z = 2*z + 5*t + 65. Let h be (4 - 68/z)*-12. What is the highest common divisor of j and h?
10
Let s be ((-84298)/(-14))/1 + (-35)/((-4165)/(-34)). Calculate the highest common divisor of s and 223.
223
Let c = -13279 - -13306. What is the highest common factor of 339 and c?
3
Suppose 396 = -4*k + 3*j - 6446, -4*k - 6834 = j. Let z = -829 - k. Suppose 15*w = 11*w + z. Calculate the greatest common divisor of 20 and w.
20
Suppose -124*a + 11733529 = 156*a - 9413751. Calculate the greatest common divisor of 22 and a.
22
Suppose 0*p + 3*i - 199 = -p, p = -5*i + 197. Suppose -623*h = -639*h - 800. Let x = p + h. Calculate the greatest common divisor of x and 19.
19
Let p be (-52340)/(-110) - (-8 - (-516)/66). Calculate the greatest common divisor of p and 1054.
34
Suppose 0 = 15*a + 64 - 94. Suppose -3*k - 490 = -g - a*k, -3*g = -4*k - 1470. What is the greatest common factor of g and 20?
10
Let a = 3949 - 3927. Let t(u) = -u**3 - 2*u**2 + 2. Let g be t(-2). What is the greatest common divisor of a and g?
2
Let c be (10/80 + 11794/(-16))*-3. Suppose d - 890 = 5*k, 3*d - 5*k - 499 = c. Calculate the highest common divisor of d and 91.
91
Suppose g + 4 - 6 = 0. Suppose -1 = -g*b - 3*u - 2, 0 = -3*b - 4*u. Suppose 128*s = 486*s - 11456. What is the highest common divisor of b and s?
4
Let i = -645 - -636. Let s(z) = z**3 + 10*z**2 - 3*z - 36. Let l be s(i). Suppose 3*b + 2*b = 40. What is the greatest common factor of b and l?
8
Let u = 19196 - 17610. Calculate the highest common factor of 221 and u.
13
Suppose 36*j - 2906 = -98. Calculate the highest common factor of j and 24.
6
Let